4 a factor of 973056474?
True
Is 194 a factor of 169663?
False
Is 774322659 a multiple of 99?
True
Is 6555 a factor of 402024705?
True
Is 5096 a factor of 1817240500?
False
Is 59 a factor of 24174896?
True
Does 24 divide 20786860?
False
Does 31 divide 16026189?
False
Is 25 a factor of 141862200?
True
Does 291 divide 369263577?
True
Does 303 divide 769458804?
True
Is 68029401 a multiple of 33?
True
Is 87 a factor of 44123059?
False
Is 50 a factor of 838650?
True
Does 3 divide 579399549?
True
Is 750012510 a multiple of 13?
True
Is 759 a factor of 69698316?
False
Is 1084843 a multiple of 187?
False
Is 152 a factor of 83455428?
False
Does 280 divide 1578343200?
True
Is 187852506 a multiple of 2774?
True
Is 274149778 a multiple of 329?
True
Is 673 a factor of 38774222?
True
Is 27 a factor of 4983012864?
True
Is 14796735 a multiple of 73?
True
Is 48 a factor of 154095180?
False
Does 1111 divide 71941694?
True
Is 12 a factor of 370439072?
False
Does 63 divide 11333148?
False
Is 55650375 a multiple of 11?
True
Does 39 divide 174998557?
False
Is 1383 a factor of 38670063?
True
Is 3035 a factor of 3341273990?
True
Is 239 a factor of 23605412?
False
Is 133 a factor of 1623844?
False
Is 3938 a factor of 2149093246?
False
Is 2310 a factor of 29750490?
True
Is 132 a factor of 13366716?
True
Is 468561187 a multiple of 31?
True
Does 22 divide 981052294?
False
Is 2085 a factor of 3869720385?
True
Does 775 divide 50453654?
False
Is 407339385 a multiple of 15?
True
Is 214306009 a multiple of 2002?
False
Is 39644850 a multiple of 15?
True
Does 1196 divide 276052348?
True
Does 14 divide 836051907?
False
Is 49617543 a multiple of 289?
True
Is 9 a factor of 708718809?
False
Is 997098 a multiple of 353?
False
Is 1023 a factor of 890436459?
False
Does 5413 divide 1736035708?
True
Is 732489369 a multiple of 10?
False
Is 5176525 a multiple of 434?
False
Does 374 divide 8907101?
False
Does 16 divide 105418480?
True
Does 458 divide 677078346?
True
Is 813913786 a multiple of 7?
True
Is 22658195 a multiple of 35?
True
Is 372 a factor of 10065172?
False
Does 5 divide 1251319?
False
Does 23 divide 3036791?
False
Is 17 a factor of 3066772392?
True
Is 80 a factor of 143891360?
True
Is 78263294 a multiple of 206?
False
Is 71 a factor of 652371146?
True
Does 72 divide 1220625360?
True
Does 9 divide 2865990?
False
Does 520 divide 1673077120?
True
Does 12 divide 36989842?
False
Does 971 divide 5761804?
False
Does 111 divide 1214239656?
True
Does 164 divide 593151339?
False
Is 18 a factor of 1964737332?
True
Is 48172764 a multiple of 12?
True
Is 58 a factor of 67650736?
True
Does 144 divide 26562541?
False
Is 24 a factor of 649682396?
False
Is 35 a factor of 511848098?
False
Is 414883074 a multiple of 3862?
True
Does 42 divide 62916252?
True
Is 399 a factor of 8373867?
False
Does 324 divide 33247260?
True
Is 27 a factor of 6402276?
False
Is 645 a factor of 11704102?
False
Is 27507494 a multiple of 125?
False
Is 785718 a multiple of 9?
True
Does 16 divide 249459091?
False
Is 52 a factor of 454220540?
False
Is 354 a factor of 207521172?
True
Does 93 divide 251883778?
False
Is 918642381 a multiple of 19?
True
Is 840887184 a multiple of 11237?
True
Is 265551582 a multiple of 917?
False
Is 556084543 a multiple of 166?
False
Does 2706 divide 147783729?
False
Is 373647820 a multiple of 3346?
True
Is 216758282 a multiple of 655?
False
Does 133 divide 84556745?
True
Does 4554 divide 55223587?
False
Does 8 divide 1537048?
True
Is 5121 a factor of 2363269806?
True
Does 1115 divide 85440333?
False
Does 401 divide 556453058?
False
Is 522 a factor of 29186257?
False
Is 958579363 a multiple of 11?
False
Is 2785749046 a multiple of 6866?
True
Is 78585930 a multiple of 1271?
True
Does 1026 divide 101792895?
False
Is 1591 a factor of 2060368865?
True
Is 152502898 a multiple of 7?
False
Is 38 a factor of 3575686?
True
Does 200 divide 6039055?
False
Is 701826918 a multiple of 93?
True
Is 88 a factor of 89178408?
True
Does 14 divide 37410980?
False
Is 407828707 a multiple of 11?
True
Does 672 divide 20786976?
True
Is 1501 a factor of 14337110?
False
Is 91 a factor of 801467030?
True
Is 38 a factor of 69762821?
False
Is 3804 a factor of 402533501?
False
Is 58 a factor of 48976766?
True
Does 19 divide 152698440?
True
Is 243674860 a multiple of 220?
True
Does 200 divide 4245220600?
True
Is 1376721324 a multiple of 6?
True
Is 540137330 a multiple of 5353?
False
Does 116 divide 40002745?
False
Is 6162295 a multiple of 365?
True
Is 7519970 a multiple of 710?
False
Is 16 a factor of 26342064?
True
Does 557 divide 26267563?
True
Is 115 a factor of 67726653?
False
Does 7057 divide 992798295?
False
Is 228977324 a multiple of 17?
False
Does 1264 divide 316949264?
True
Is 25 a factor of 17497487?
False
Is 54 a factor of 331740738?
True
Is 58 a factor of 69220390?
True
Is 307 a factor of 50319141?
False
Is 601 a factor of 21556668?
True
Is 472 a factor of 530077653?
False
Does 15 divide 56835977?
False
Does 6096 divide 308135573?
False
Is 2906 a factor of 1430028070?
True
Does 1826 divide 32426108?
True
Is 930790782 a multiple of 9?
True
Is 68 a factor of 318695872?
True
Is 113 a factor of 45596630?
True
Is 20823972 a multiple of 58?
True
Is 165 a factor of 1363679955?
True
Does 778 divide 107859441?
False
Does 1208 divide 12244191?
False
Does 101 divide 917858407?
True
Does 1205 divide 189534450?
True
Is 2296272639 a multiple of 73?
False
Is 2418190217 a multiple of 1432?
False
Is 920103389 a multiple of 45?
False
Does 1921 divide 48941317?
True
Does 1800 divide 18628200?
True
Is 268326893 a multiple of 67?
True
Does 12 divide 1331174319?
False
Is 657550523 a multiple of 32?
False
Is 3611547216 a multiple of 207?
True
Is 41300458 a multiple of 15?
False
Is 2 a factor of 405380434?
True
Is 429 a factor of 543392780?
False
Is 120968571 a multiple of 26?
False
Is 74 a factor of 1683722962?
True
Is 10334453 a multiple of 89?
False
Does 42 divide 396978558?
False
Does 11 divide 979462572?
True
Is 19 a factor of 137960140?
True
Does 1209 divide 105914672?
False
Does 95 divide 68915455?
False
Is 13 a factor of 41230150?
True
Is 516 a factor of 22677168?
True
Is 100391222 a multiple of 41?
False
Does 5183 divide 3499893312?
True
Is 3100 a factor of 26012100?
True
Is 742 a factor of 14402591?
False
Is 284017437 a multiple of 9?
True
Is 1051 a factor of 75050859?
True
Is 30 a factor of 4531694580?
True
Is 59 a factor of 17872634?
True
Is 2615 a factor of 329924362?
False
Is 492 a factor of 15683873?
False
Is 3648283006 a multiple of 11?
False
Is 2189946 a multiple of 112?
False
Does 4 divide 63601348?
True
Is 22 a factor of 435202845?
False
Does 90 divide 41875830?
True
Is 24 a factor of 1846057634?
False
Is 541 a factor of 1055528870?
True
Is 2569 a factor of 49638218?
True
Is 48 a factor of 543899088?
True
Is 99766227 a multiple of 83?
False
Is 171043627 a multiple of 27?
False
Is 1574 a factor of 29482594?
True
Is 303 a factor of 12774758?
False
Is 59988288 a multiple of 1574?
True
Is 3653039867 a multiple of 15?
False
Is 2118072 a multiple of 88?
True
Is 118 a factor of 11534736?
True
Is 84 a factor of 20736944?
False
Is 54 a factor of 183492241?
False
Is 170941184 a multiple of 4?
True
Is 1116 a factor of 64353962?
False
Is 175494360 a multiple of 10?
True
Is 261 a factor of 59294636?
False
Is 123 a factor of 177009177?
True
Is 845821734 a multiple of 11?
False
Does 285 divide 154773887?
False
Is 30 a factor of 40272480?
True
Is 63 a factor of 23032674?
True
Is 47380518 a multiple of 22?
False
Is 368 a factor of 134405945?
False
Is 50 a factor of 1667195750?
True
Is 1469 a factor of 413333999?
True
Does 39 divide 612797289?
True
Is 90755134 a multiple of 4?
False
Does 120 divide 2999940600?
True
Is 27 a factor of 1953970155?
True
Does 15 divide 131127765?
True
Is 2374503031 a multiple of 23?
False
Is 7 a factor of 216129075?
False
Does 15 divide 82450995?
True
Does 3697 divide 308657135?
False
Is 720828559 a multiple of 5296?
False
Is 151 a factor of 1444494671?
False
Is 2793162 a multiple of 93?
True
Is 700 a factor of 237482000?
True
Is 30556168 a multiple of 12?
False
Is 4641 a factor of 815704945?
False
Is 982984155 a multiple of 38?
False
Is 6037366 a multiple of 4?
False
Is 5470198 a multiple of 39?
False
Is 